
6
What is the ten thousands digit of 700855?
0
What is the units digit of 2388161?
1
What is the units digit of 4032275?
5
What is the hundred thousands digit of 354240?
3
What is the hundreds digit of 9887965?
9
What is the hundreds digit of 483139?
1
What is the millions digit of 5276291?
5
What is the millions digit of 7603319?
7
What is the hundreds digit of 21397?
3
What is the thousands digit of 1301121?
1
What is the hundreds digit of 1307434?
4
What is the millions digit of 3026891?
3
What is the hundreds digit of 7008?
0
What is the hundreds digit of 3363112?
1
What is the hundred thousands digit of 179511?
1
What is the hundred thousands digit of 265288?
2
What is the ten thousands digit of 6494939?
9
What is the ten thousands digit of 17371253?
7
What is the tens digit of 1136349?
4
What is the tens digit of 2162318?
1
What is the tens digit of 25332?
3
What is the units digit of 1059091?
1
What is the hundreds digit of 3705288?
2
What is the thousands digit of 143395?
3
What is the hundred thousands digit of 193638?
1
What is the units digit of 669551?
1
What is the tens digit of 160714?
1
What is the millions digit of 1599470?
1
What is the units digit of 8389128?
8
What is the thousands digit of 411779?
1
What is the tens digit of 605340?
4
What is the millions digit of 2225011?
2
What is the ten thousands digit of 285293?
8
What is the millions digit of 1645713?
1
What is the hundreds digit of 642684?
6
What is the ten thousands digit of 107907?
0
What is the tens digit of 200349?
4
What is the hundred thousands digit of 178717?
1
What is the units digit of 427420?
0
What is the thousands digit of 2112962?
2
What is the units digit of 95052?
2
What is the units digit of 5791510?
0
What is the units digit of 4254906?
6
What is the hundreds digit of 222745?
7
What is the ten thousands digit of 3097222?
9
What is the thousands digit of 35548?
5
What is the millions digit of 28759504?
8
What is the tens digit of 1458076?
7
What is the units digit of 194435?
5
What is the tens digit of 7075468?
6
What is the ten thousands digit of 16359259?
5
What is the thousands digit of 358506?
8
What is the hundreds digit of 43092?
0
What is the millions digit of 10725950?
0
What is the hundred thousands digit of 274529?
2
What is the ten millions digit of 11244336?
1
What is the units digit of 16526403?
3
What is the units digit of 1734832?
2
What is the hundred thousands digit of 635053?
6
What is the units digit of 578924?
4
What is the tens digit of 312103?
0
What is the hundred thousands digit of 3127440?
1
What is the thousands digit of 174227?
4
What is the ten thousands digit of 281906?
8
What is the tens digit of 206497?
9
What is the ten thousands digit of 16412727?
1
What is the thousands digit of 1755568?
5
What is the hundred thousands digit of 1300044?
3
What is the units digit of 2611753?
3
What is the hundreds digit of 1791083?
0
What is the ten thousands digit of 87017?
8
What is the ten millions digit of 12872900?
1
What is the millions digit of 1152670?
1
What is the hundred thousands digit of 1252440?
2
What is the tens digit of 5775?
7
What is the tens digit of 224028?
2
What is the hundreds digit of 33258740?
7
What is the ten thousands digit of 119035?
1
What is the hundreds digit of 113311?
3
What is the hundreds digit of 168972?
9
What is the thousands digit of 277607?
7
What is the thousands digit of 290106?
0
What is the hundreds digit of 8378605?
6
What is the millions digit of 12565062?
2
What is the millions digit of 15358908?
5
What is the hundred thousands digit of 1758114?
7
What is the thousands digit of 681147?
1
What is the hundred thousands digit of 110475?
1
What is the hundreds digit of 1383422?
4
What is the hundreds digit of 761078?
0
What is the hundred thousands digit of 748814?
7
What is the ten thousands digit of 7134279?
3
What is the hundred thousands digit of 1944035?
9
What is the units digit of 1299716?
6
What is the ten thousands digit of 21296463?
9
What is the hundreds digit of 36802267?
2
What is the units digit of 1484404?
4
What is the ten thousands digit of 160261?
6
What is the thousands digit of 12016513?
6
What is the hundreds digit of 3368551?
5
What is the tens digit of 651893?
9
What is the hundred thousands digit of 12686605?
6
What is the tens digit of 607470?
7
What is the ten thousands digit of 2007495?
0
What is the tens digit of 144673?
7
What is the hundreds digit of 272266?
2
What is the units digit of 166377?
7
What is the hundred thousands digit of 27748671?
7
What is the units digit of 45973?
3
What is the hundreds digit of 154469?
4
What is the units digit of 13634151?
1
What is the millions digit of 2038355?
2
What is the thousands digit of 25458870?
8
What is the tens digit of 911739?
3
What is the tens digit of 689237?
3
What is the ten thousands digit of 173619?
7
What is the units digit of 8519815?
5
What is the hundred thousands digit of 689997?
6
What is the thousands digit of 10197805?
7
What is the hundreds digit of 1152716?
7
What is the units digit of 371305?
5
What is the hundreds digit of 6091005?
0
What is the ten thousands digit of 1252905?
5
What is the ten thousands digit of 3056923?
5
What is the thousands digit of 876559?
6
What is the tens digit of 16318296?
9
What is the hundreds digit of 28698?
6
What is the thousands digit of 677531?
7
What is the tens digit of 29621420?
2
What is the hundred thousands digit of 979096?
9
What is the hundreds digit of 20432121?
1
What is the ten millions digit of 19230303?
1
What is the units digit of 17608642?
2
What is the thousands digit of 78210?
8
What is the hundred thousands digit of 1300540?
3
What is the ten thousands digit of 61934?
6
What is the tens digit of 70609?
0
What is the ten millions digit of 16132183?
1
What is the hundred thousands digit of 468440?
4
What is the millions digit of 5025819?
5
What is the thousands digit of 26857?
6
What is the units digit of 20449842?
2
What is the thousands digit of 188724?
8
What is the tens digit of 177541?
4
What is the thousands digit of 265685?
5
What is the hundreds digit of 3391626?
6
What is the tens digit of 1368350?
5
What is the units digit of 68469?
9
What is the hundred thousands digit of 24778404?
7
What is the thousands digit of 936664?
6
What is the hundred thousands digit of 23690313?
6
What is the tens digit of 6796131?
3
What is the ten thousands digit of 243327?
4
What is the thousands digit of 46110?
6
What is the units digit of 12211185?
5
What is the tens digit of 9035733?
3
What is the hundred thousands digit of 127804?
1
What is the hundreds digit of 4921493?
4
What is the hundreds digit of 608395?
3
What is the hundred thousands digit of 12464114?
4
What is the thousands digit of 14130?
4
What is the hundreds digit of 10245972?
9
What is the tens digit of 6822247?
4
What is the units digit of 670268?
8
What is the tens digit of 22293?
9
What is the tens digit of 567292?
9
What is the hundreds digit of 8274418?
4
What is the hundred thousands digit of 3216042?
2
What is the hundreds digit of 13686839?
8
What is the tens digit of 207837?
3
What is the thousands digit of 352682?
2
What is the ten thousands digit of 2574851?
7
What is the ten thousands digit of 3894072?
9
What is the hundreds digit of 34903355?
3
What is the hundreds digit of 258132?
1
What is the hundred thousands digit of 387965?
3
What is the ten thousands digit of 183510?
8
What is the ten thousands digit of 4748228?
4
What is the millions digit of 31082827?
1
What is the units digit of 29015716?
6
What is the thousands digit of 6271659?
1
What is the hundreds digit of 4482208?
2
What is the millions digit of 7743485?
7
What is the units digit of 3055150?
0
What is the hundred thousands digit of 2084065?
0
What is the ten thousands digit of 1437052?
3
What is the hundreds digit of 16644?
6
What is the tens digit of 308966?
6
What is the thousands digit of 3509970?
9
What is the units digit of 16663553?
3
What is the hundreds digit of 1804?
8
What is the units digit of 25767733?
3
What is the ten thousands digit of 6463296?
6
What is the tens digit of 94453?
5
What is the tens digit of 376395?
9
What is the hundreds digit of 239798?
7
What is the thousands digit of 5